{"id":2093,"date":"2023-10-31T13:27:13","date_gmt":"2023-10-31T10:27:13","guid":{"rendered":"https:\/\/eficese.com\/?post_type=product&#038;p=2093"},"modified":"2023-11-20T23:44:03","modified_gmt":"2023-11-20T20:44:03","slug":"arona-efa133-brode-takimi-cicek-kirmizisi","status":"publish","type":"product","link":"https:\/\/eficese.com\/index.php\/urun\/arona-efa133-brode-takimi-cicek-kirmizisi\/","title":{"rendered":"Arona EFA133 BRODE TAKIM \u00c7\u0130\u00c7EK KIRMIZISI"},"content":{"rendered":"<p><strong>\u00d6zellikler:<\/strong><\/p>\n<ul>\n<li>Balenli<\/li>\n<li>Desteksiz<\/li>\n<li>Yumu\u015fak ve nefes alabilen kuma\u015f<\/li>\n<li>Rahat ve ayarlanabilir kay\u0131\u015flar<\/li>\n<li>Zarif brode detaylar<\/li>\n<\/ul>\n<p><strong>\u0130ade ve De\u011fi\u015fim:<\/strong><\/p>\n<ul>\n<li style=\"list-style-type: none;\">\n<ul>\n<li>\u00dcr\u00fcnlerimizde koruma sticker\u0131 ve kutusu a\u00e7\u0131lmad\u0131\u011f\u0131 s\u00fcrece 14 g\u00fcn s\u00fcre ile iade ve de\u011fi\u015fim garantisi vard\u0131r.<\/li>\n<li>Kutusu a\u00e7\u0131lan \u00fcr\u00fcnlerimizde hijyen kurallar\u0131 gere\u011fi <strong>\u0130ade ve de\u011fi\u015fim<\/strong> i\u015flemi yoktur.<\/li>\n<\/ul>\n<\/li>\n<\/ul>\n","protected":false},"excerpt":{"rendered":"<p><strong>\u00d6zellikler:<\/strong><\/p>\n<ul>\n<li>Balenli<\/li>\n<li>Desteksiz<\/li>\n<li>Yumu\u015fak ve nefes alabilen kuma\u015f<\/li>\n<li>Rahat ve ayarlanabilir kay\u0131\u015flar<\/li>\n<li>Zarif brode detaylar<\/li>\n<\/ul>\n<p><strong>\u0130ade ve De\u011fi\u015fim:<\/strong><\/p>\n<ul>\n<li style=\"list-style-type: none;\">\n<ul>\n<li>\u00dcr\u00fcnlerimizde koruma sticker\u0131 ve kutusu a\u00e7\u0131lmad\u0131\u011f\u0131 s\u00fcrece 14 g\u00fcn s\u00fcre ile iade ve de\u011fi\u015fim garantisi vard\u0131r.<\/li>\n<li>Kutusu a\u00e7\u0131lan \u00fcr\u00fcnlerimizde hijyen kurallar\u0131 gere\u011fi <strong>\u0130ade ve de\u011fi\u015fim<\/strong> i\u015flemi yoktur.<\/li>\n<\/ul>\n<\/li>\n<\/ul>\n","protected":false},"featured_media":2098,"comment_status":"open","ping_status":"closed","template":"","meta":{"site-sidebar-layout":"no-sidebar","site-content-layout":"boxed-container","ast-site-content-layout":"normal-width-container","site-content-style":"boxed","site-sidebar-style":"boxed","ast-global-header-display":"","ast-banner-title-visibility":"","ast-main-header-display":"","ast-hfb-above-header-display":"","ast-hfb-below-header-display":"","ast-hfb-mobile-header-display":"","site-post-title":"","ast-breadcrumbs-content":"","ast-featured-img":"","footer-sml-layout":"","theme-transparent-header-meta":"default","adv-header-id-meta":"","stick-header-meta":"","header-above-stick-meta":"","header-main-stick-meta":"","header-below-stick-meta":"","astra-migrate-meta-layouts":"set","ast-page-background-enabled":"default","ast-page-background-meta":{"desktop":{"background-color":"","background-image":"","background-repeat":"repeat","background-position":"center center","background-size":"auto","background-attachment":"scroll","background-type":"","background-media":"","overlay-type":"","overlay-color":"","overlay-gradient":""},"tablet":{"background-color":"","background-image":"","background-repeat":"repeat","background-position":"center center","background-size":"auto","background-attachment":"scroll","background-type":"","background-media":"","overlay-type":"","overlay-color":"","overlay-gradient":""},"mobile":{"background-color":"","background-image":"","background-repeat":"repeat","background-position":"center center","background-size":"auto","background-attachment":"scroll","background-type":"","background-media":"","overlay-type":"","overlay-color":"","overlay-gradient":""}},"ast-content-background-meta":{"desktop":{"background-color":"var(--ast-global-color-5)","background-image":"","background-repeat":"repeat","background-position":"center center","background-size":"auto","background-attachment":"scroll","background-type":"","background-media":"","overlay-type":"","overlay-color":"","overlay-gradient":""},"tablet":{"background-color":"var(--ast-global-color-5)","background-image":"","background-repeat":"repeat","background-position":"center center","background-size":"auto","background-attachment":"scroll","background-type":"","background-media":"","overlay-type":"","overlay-color":"","overlay-gradient":""},"mobile":{"background-color":"var(--ast-global-color-5)","background-image":"","background-repeat":"repeat","background-position":"center center","background-size":"auto","background-attachment":"scroll","background-type":"","background-media":"","overlay-type":"","overlay-color":"","overlay-gradient":""}}},"product_cat":[69,68],"product_tag":[49,87,81,82,51],"jetpack_sharing_enabled":true,"_links":{"self":[{"href":"https:\/\/eficese.com\/index.php\/wp-json\/wp\/v2\/product\/2093"}],"collection":[{"href":"https:\/\/eficese.com\/index.php\/wp-json\/wp\/v2\/product"}],"about":[{"href":"https:\/\/eficese.com\/index.php\/wp-json\/wp\/v2\/types\/product"}],"replies":[{"embeddable":true,"href":"https:\/\/eficese.com\/index.php\/wp-json\/wp\/v2\/comments?post=2093"}],"wp:featuredmedia":[{"embeddable":true,"href":"https:\/\/eficese.com\/index.php\/wp-json\/wp\/v2\/media\/2098"}],"wp:attachment":[{"href":"https:\/\/eficese.com\/index.php\/wp-json\/wp\/v2\/media?parent=2093"}],"wp:term":[{"taxonomy":"product_cat","embeddable":true,"href":"https:\/\/eficese.com\/index.php\/wp-json\/wp\/v2\/product_cat?post=2093"},{"taxonomy":"product_tag","embeddable":true,"href":"https:\/\/eficese.com\/index.php\/wp-json\/wp\/v2\/product_tag?post=2093"}],"curies":[{"name":"wp","href":"https:\/\/api.w.org\/{rel}","templated":true}]}}